mainder when 362 is divided by 142?
78
Calculate the remainder when 84 is divided by 19.
8
What is the remainder when 885 is divided by 113?
94
What is the remainder when 10030 is divided by 48?
46
What is the remainder when 96 is divided by 50?
46
What is the remainder when 87 is divided by 52?
35
Calculate the remainder when 46 is divided by 26.
20
What is the remainder when 198 is divided by 85?
28
Calculate the remainder when 1341 is divided by 111.
9
What is the remainder when 2165 is divided by 8?
5
What is the remainder when 674 is divided by 78?
50
Calculate the remainder when 3937 is divided by 10.
7
What is the remainder when 20 is divided by 15?
5
Calculate the remainder when 338 is divided by 14.
2
What is the remainder when 343 is divided by 16?
7
What is the remainder when 84 is divided by 17?
16
What is the remainder when 194 is divided by 25?
19
What is the remainder when 5168 is divided by 73?
58
What is the remainder when 187 is divided by 89?
9
Calculate the remainder when 14881 is divided by 229.
225
What is the remainder when 1094 is divided by 15?
14
Calculate the remainder when 210 is divided by 185.
25
What is the remainder when 387 is divided by 11?
2
Calculate the remainder when 23 is divided by 15.
8
What is the remainder when 352 is divided by 169?
14
What is the remainder when 170 is divided by 117?
53
What is the remainder when 569 is divided by 135?
29
What is the remainder when 1497 is divided by 16?
9
What is the remainder when 728 is divided by 17?
14
Calculate the remainder when 338 is divided by 47.
9
What is the remainder when 1287 is divided by 46?
45
Calculate the remainder when 2618 is divided by 5.
3
Calculate the remainder when 866 is divided by 179.
150
What is the remainder when 399 is divided by 68?
59
Calculate the remainder when 39 is divided by 11.
6
What is the remainder when 1049 is divided by 172?
17
What is the remainder when 59 is divided by 8?
3
Calculate the remainder when 99 is divided by 26.
21
What is the remainder when 277 is divided by 31?
29
What is the remainder when 541 is divided by 119?
65
What is the remainder when 5146 is divided by 143?
141
What is the remainder when 70 is divided by 19?
13
What is the remainder when 488 is divided by 26?
20
Calculate the remainder when 298 is divided by 271.
27
What is the remainder when 742 is divided by 133?
77
Calculate the remainder when 3495 is divided by 28.
23
Calculate the remainder when 88 is divided by 25.
13
Calculate the remainder when 232 is divided by 152.
80
What is the remainder when 1298 is divided by 67?
25
Calculate the remainder when 83 is divided by 16.
3
What is the remainder when 347 is divided by 14?
11
What is the remainder when 108 is divided by 10?
8
Calculate the remainder when 746 is divided by 17.
15
Calculate the remainder when 132 is divided by 46.
40
What is the remainder when 728 is divided by 9?
8
What is the remainder when 107 is divided by 56?
51
What is the remainder when 401 is divided by 81?
77
What is the remainder when 83 is divided by 34?
15
Calculate the remainder when 684 is divided by 30.
24
What is the remainder when 5157 is divided by 126?
117
What is the remainder when 88 is divided by 9?
7
What is the remainder when 236 is divided by 57?
8
What is the remainder when 5135 is divided by 105?
95
What is the remainder when 79 is divided by 47?
32
Calculate the remainder when 323 is divided by 68.
51
Calculate the remainder when 510 is divided by 173.
164
What is the remainder when 825 is divided by 52?
45
Calculate the remainder when 525 is divided by 247.
31
What is the remainder when 976 is divided by 62?
46
Calculate the remainder when 244 is divided by 7.
6
What is the remainder when 32 is divided by 11?
10
What is the remainder when 1820 is divided by 152?
148
What is the remainder when 301 is divided by 22?
15
Calculate the remainder when 76 is divided by 53.
23
What is the remainder when 428 is divided by 15?
8
What is the remainder when 33 is divided by 18?
15
Calculate the remainder when 89 is divided by 56.
33
What is the remainder when 976 is divided by 124?
108
What is the remainder when 4404 is divided by 38?
34
What is the remainder when 2869 is divided by 87?
85
What is the remainder when 956 is divided by 11?
10
What is the remainder when 217 is divided by 45?
37
Calculate the remainder when 193 is divided by 48.
1
What is the remainder when 585 is divided by 200?
185
What is the remainder when 1264 is divided by 141?
136
What is the remainder when 103 is divided by 9?
4
What is the remainder when 182 is divided by 99?
83
What is the remainder when 2269 is divided by 16?
13
Calculate the remainder when 63 is divided by 20.
3
Calculate the remainder when 335 is divided by 151.
33
What is the remainder when 2397 is divided by 96?
93
What is the remainder when 150 is divided by 9?
6
What is the remainder when 61 is divided by 2?
1
Calculate the remainder when 310 is divided by 15.
10
Calculate the remainder when 315 is divided by 64.
59
What is the remainder when 647 is divided by 170?
137
What is the remainder when 403 is divided by 81?
79
What is the remainder when 298 is divided by 105?
88
What is the remainder when 3041 is divided by 179?
177
What is the remainder when 214 is divided by 56?
46
What is the remainder when 1326 is divided by 425?
51
What is the remainder when 1726 is divided by 102?
94
What is the remainder when 1193 is divided by 92?
89
What is the remainder when 371 is divided by 31?
30
Calculate the remainder when 1995 is divided by 200.
195
What is the remainder when 541 is divided by 14?
9
What is the remainder when 210 is divided by 45?
30
What is the remainder when 5760 is divided by 67?
65
What is the remainder when 207 is divided by 116?
91
What is the remainder when 183 is divided by 8?
7
What is the remainder when 843 is divided by 222?
177
Calculate the remainder when 501 is divided by 18.
15
Calculate the remainder when 214 is divided by 56.
46
What is the remainder when 306 is divided by 31?
27
Calculate the remainder when 15046 is divided by 14.
10
Calculate the remainder when 357 is divided by 178.
1
What is the remainder when 366 is divided by 64?
46
Calculate the remainder when 2324 is divided by 31.
30
Calculate the remainder when 437 is divided by 35.
17
Calculate the remainder when 150 is divided by 55.
40
What is the remainder when 342 is divided by 40?
22
Calculate the remainder when 9324 is divided by 5.
4
What is the remainder when 1290 is divided by 76?
74
Calculate the remainder when 1701 is divided by 12.
9
What is the remainder when 2164 is divided by 20?
4
What is the remainder when 8235 is divided by 71?
70
What is the remainder when 179 is divided by 55?
14
What is the remainder when 4894 is divided by 17?
15
What is the remainder when 583 is divided by 98?
93
Calculate the remainder when 928 is divided by 114.
16
Calculate the remainder when 368 is divided by 11.
5
Calculate the remainder when 416 is divided by 45.
11
What is the remainder when 59 is divided by 19?
2
Calculate the remainder when 456 is divided by 130.
66
What is the remainder when 2487 is divided by 249?
246
Calculate the remainder when 489 is divided by 98.
97
Calculate the remainder when 550 is divided by 79.
76
What is the remainder when 385 is divided by 17?
11
What is the remainder when 12162 is divided by 759?
18
Calculate the remainder when 1621 is divided by 208.
165
What is the remainder when 149 is divided by 130?
19
Calculate the remainder when 803 is divided by 26.
23
Calculate the remainder when 804 is divided by 114.
6
Calculate the remainder when 1950 is divided by 638.
36
Calculate the remainder when 120 is divided by 16.
8
What is the remainder when 968 is divided by 105?
23
Calculate the remainder when 40 is divided by 11.
7
Calculate the remainder when 18523 is divided by 19.
17
Calculate the remainder when 43 is divided by 8.
3
What is the remainder when 1067 is divided by 71?
2
What is the remainder when 6472 is divided by 37?
34
Calculate the remainder when 2222 is divided by 442.
12
What is the remainder when 13524 is divided by 167?
164
What is the remainder when 2116 is divided by 20?
16
What is the remainder when 441 is divided by 9?
0
W